18. Suppose 3*i - m*l - 1288 = -10*l, i = -3*l + 440. List the prime factors of i.
2, 107
Let s(w) = 8*w**2 - 26*w**2 + 3*w**2 + 9*w**2 - 26*w + 9*w**2 + 76. List the prime factors of s(-14).
2, 257
Suppose -5*k = -9*k - 5*i + 20, 3*i - 12 = -3*k. Suppose 4*b - 2536 = 4*h, k*b - 2*b - 1922 = 3*h. Let j = -379 - h. List the prime factors of j.
7, 37
Let b = 24 - 30. Let q(g) = -g**2 - 6*g + 8. Let j be q(b). Suppose j = -4*i + 28. List the prime factors of i.
5
Let q = 9583 + -2907. What are the prime factors of q?
2, 1669
Suppose -7*w - 210392 = -63*w. Suppose 11*t - w = 71. List the prime factors of t.
2, 3, 29
Suppose -4 = r - 2*q, -4*r - q + 4*q = 1. Suppose 7*h - 2*h = -4*p + 2279, -r*p + 1146 = -4*h. List the prime factors of p.
571
Let g = -166 - -519. List the prime factors of (g/(-3))/(6/(6 + -24)).
353
Suppose -4 = 2*v - 8. Suppose -4*h - 4*l + 7 + 1 = 0, 2*h + 3*l - v = 0. Suppose -6 = -2*f, c + h*f = -c + 260. What are the prime factors of c?
2, 31
Let p be (0 - -1) + (-4)/(4/(-5)). Suppose 2*i - p = c, 5*i + c + 11 = 8*i. Suppose -k + 26 = -3*l, l = -i*k + 2*k + 108. List the prime factors of k.
5, 7
Let y(f) = -f**2 + 1. Let q(l) = 3*l**2 + l + 135. Let c(h) = q(h) + y(h). Suppose 4*u + 8*u = 0. List the prime factors of c(u).
2, 17
Let k = -18 - -24. List the prime factors of 424 - k - 20/(-4).
3, 47
Suppose -13*c + 89323 - 9633 = 0. List the prime factors of c.
2, 5, 613
Let b = 18408 - 15588. What are the prime factors of b?
2, 3, 5, 47
Let h(y) = -y**3 + 16*y**2 - 3*y + 32. Let g be h(16). Let z(q) = 2*q**2 + 17*q + 2. List the prime factors of z(g).
2, 11
Suppose -25*i - 22*i = -35*i - 143460. What are the prime factors of i?
3, 5, 797
Suppose -2*o = -5*m + 20, -4*m - o = -11 - 5. What are the prime factors of -2 - (-21 + m)*23?
389
Suppose -z - 16452 = -3*c + z, -21913 = -4*c - 5*z. List the prime factors of c.
2, 2741
Suppose -5*k = -494 + 469. What are the prime factors of 20/(-8)*(-58)/k?
29
Let x(f) = 2*f**3 - 9*f**2 - 112*f + 38. List the prime factors of x(18).
2, 5, 677
Let r = 16 + -11. Suppose r*a = -3*l - 250, 316 = -4*l + a + a. Let n = l - -166. What are the prime factors of n?
2, 43
Let r = 9881 + -6365. List the prime factors of r.
2, 3, 293
Let h(r) = r**3 + r**2 + r - 132. Let s be h(0). Let u be (s/(-55))/((-4)/(-30)). List the prime factors of ((-12)/u)/(4/(-18)) + 23.
2, 13
Let h(d) = 2*d**3 + d**2 - 101 + 205 - 97 - 5*d. What are the prime factors of h(5)?
257
Let n be (-1 - 2)/(6/(-20)*2). Suppose -966 = -4*l + 2*a - n*a, 0 = 5*l - 3*a - 1194. What are the prime factors of l?
2, 3, 5
Suppose 2*l + 4*w - 49702 = 0, -10*w + 5*w - 273280 = -11*l. What are the prime factors of l?
5, 4969
Suppose -o - 4*o + 25 = 0. Suppose -7*c + 811 = -3137. Suppose o*k - c = -k. What are the prime factors of k?
2, 47
Suppose -10*q + 67460 - 22093 + 90323 = 0. List the prime factors of q.
3, 4523
Let r = 97 - -15. Suppose -6 = 2*p, p = -4*c + r + 653. What are the prime factors of c?
2, 3
Suppose 8*c = -319 - 145. Let u = -43 - c. List the prime factors of 2158/u - (-2)/15.
2, 3
Let h(q) = q**3 - 41*q**2 + 314*q - 209. What are the prime factors of h(36)?
5, 13, 71
Suppose t = 5*m - 46146, -229*t = -3*m - 232*t + 27684. What are the prime factors of m?
11, 839
Suppose -2*o + 25 - 21 = 0. Suppose 2*y = 2*l - 3*l + 4, o*l - 9 = -5*y. Suppose -l*x + 84 + 188 = 4*r, -r + 62 = 2*x. What are the prime factors of r?
2, 5, 7
Suppose -15 = 5*o, w + 4*o = -0*w - 265. Let b be 4/(-14) + w/(-77). Suppose 5*f - 5*z - 180 = 0, 0*f - f + 30 = -b*z. List the prime factors of f.
3, 13
Let p(t) = -2*t**3 + 32*t**2 - 24*t + 1. What are the prime factors of p(11)?
947
Let f(a) = -5*a + 19. Let y(s) = -7*s - 26. Let i be y(-7). Let j be f(i). Let m = j - -223. List the prime factors of m.
127
List the prime factors of 1/((-14)/(-19060))*(17 + -2 + -8).
2, 5, 953
Let v(o) be the first derivative of -33*o**2/2 + 6*o + 1. Suppose 2*l = -3*x - 19, 15 = -x - 2*l - 3*l. List the prime factors of v(x).
3, 19
Suppose 13278 = 2*z - 4*t, 37*z + t - 26538 = 33*z. List the prime factors of z.
5, 1327
Suppose 5*p = -0*b + 2*b - 22, -5*b + p + 101 = 0. Let a(d) = -2*d + 44. Let h be a(b). Suppose 0 - 3 = 3*v, 69 = h*j - v. List the prime factors of j.
2, 17
Suppose -3*a - 7*s + 2*s = -107, 2*s + 10 = 0. Let b = -1 + a. Let n = -28 + b. List the prime factors of n.
3, 5
Let o be -4 + (-3)/(12/(-16)). Suppose 2*g + o*d = -2*d + 8, -3*g = -5*d - 4. What are the prime factors of (-3)/6*(-768)/(g + 1)?
2, 3
Let z(n) = n**2 - 9*n + 15. Let v be z(7). Let x = v + 5. Suppose -24 = -x*c + 3*c. What are the prime factors of c?
2
Let y be (0 - -2)*60/(-8). Let s(w) = 15 + 9 - 22 - w. What are the prime factors of s(y)?
17
Suppose -56*q + 30926 = -115962. What are the prime factors of q?
43, 61
Suppose 57*d - 62*d + 8361 = -24169. What are the prime factors of d?
2, 3253
Let m(r) be the third derivative of 17/6*r**3 + 0*r - 7/60*r**5 + 0 + 1/60*r**6 + 23*r**2 - 11/24*r**4. What are the prime factors of m(6)?
131
Suppose 0 = 8*r - 0*r - 8. Suppose 10 + 35 = 3*v + 3*z, -2*z = -4*v + 54. What are the prime factors of -1 - ((-156)/v - r/(-7))?
2, 5
Suppose 27*r - 7395 - 21576 = 0. Suppose 645 + r = 2*x. What are the prime factors of x?
859
Let p(h) = 2*h**3 - 10*h**2 - 17*h + 13. Let t be p(6). Let c(i) = 39 + 0*i**3 + 3*i**3 - 4*i**3 - 17*i**2. List the prime factors of c(t).
3, 13
Let z(k) = 7*k - 4. Let d(a) = -a. Let t(m) = 5*d(m) + z(m). Let w be t(4). Suppose -320 = -w*f - 4*c, -2*c = f - 0*c - 76. List the prime factors of f.
2, 3, 7
Suppose 0 = 4*b - o - 54217, 25*o = -2*b + 22*o + 27119. What are the prime factors of b?
5, 2711
What are the prime factors of (-11)/(55/(-35428)) - 39/65?
5, 13, 109
Let s = 9827 - -12888. What are the prime factors of s?
5, 7, 11, 59
Let y be -4*10/(-4) - 5. Let t be (-2 - y)*(-36)/63. List the prime factors of -168*1*t/(-12).
2, 7
Let g be (39 + -19)*78/(-4). Let i = -222 - g. Suppose 52*k + i = 54*k. What are the prime factors of k?
2, 3, 7
Let z(n) = 3632*n**2 + 39*n + 3. What are the prime factors of z(-2)?
97, 149
Let z(v) = -2*v**3 + v**2 + 1. Let g(r) = -735*r**3 + r - 2. Let i(j) = g(j) + 2*z(j). What are the prime factors of i(-1)?
2, 5, 37
Suppose 7*t - 12*t + 4*j + 215 = 0, 0 = t - 2*j - 37. Suppose 4 + 1 = n. Suppose 0*a = -3*a + 2*q + 98, -2*a + t = -n*q. List the prime factors of a.
2, 3
Suppose -156*k + 5362217 = 1500281. List the prime factors of k.
2, 3, 2063
Let b(n) = -n**3 - 7*n**2 - 5*n - 9. Let a be b(-7). Let x = 29 - a. Suppose -j = 3*y - 38, -x*j - j + 2*y = -82. List the prime factors of j.
23
Suppose -f + 102 + 338 = 4*r, -2*f + 905 = 3*r. Suppose 17*l + 8132 - 4392 = 0. Let k = f + l. What are the prime factors of k?
2, 3, 5
Let d = 900 + 2006. What are the prime factors of d?
2, 1453
Let k(t) = -t**3 + 5*t**2 - 5*t + 6. Let x be k(4). Suppose 3*y = -j - 12, 0*j = -3*j + x*y + 19. What are the prime factors of (-1)/j - (425/(-15) + 4)?
2, 3
Let t = -138 + 268. Suppose -31*l - 34 = 121. Let h = l + t. List the prime factors of h.
5
Let l be (-16 - (-1963)/39) + 1/(-3). Suppose 3*h = 2*m + l, -4*h + m + 49 = 2*m. What are the prime factors of h?
2, 3
Let v(l) = l**3 + 4*l**2 - 16*l - 8. Suppose -5*s - 4 = -2*z, 6 = -4*s + 7*s. List the prime factors of v(z).
419
Let a(k) = 108*k**3 - 16*k**2 + 44*k + 28. What are the prime factors of a(6)?
2, 7, 823
Let l be ((-2)/(-4))/((-4)/(-912)). Let o be (0 - (-3)/2)*l. Suppose z - 4*z + o = 0. List the prime factors of z.
3, 19
List the prime factors of ((-2)/5)/((13 + -27)/199430).
2, 7, 11, 37
Suppose -s = m + 3*s - 4, m + 2 = -s. Let p be 2*(10/(-4) - m). Suppose 4*h - p*u - 182 = 0, -3*h + 2*u = -3*u - 142. List the prime factors of h.
2, 11
Let l be ((-7)/(105/110) + 6)*-45. Suppose -2*x - 5*f + 2563 = 0, 61*x - l*x - 5*f = 1274. List the prime factors of x.
1279
Let z be 9 + -7 + (-2)/(4/(-6)). Suppose -k - 5 = s - 3, z*k - s - 20 = 0. Suppose 0 = q + 3*a - 0*a - 132, 402 = k*q + 3*a. List the prime factors of q.
3, 5
Let o(h) = 2*h**3 - 142*h**2 - 166*h - 1718. What are the prime factors of o(76)?
2, 21713
Let z(y) = 380*y**2 - 846*y - 5830. What are the prime factors of z(-7)?
2, 2339
Suppose 6*m - 2*m + 16 = 0, -m + 307 = p. Suppose h = 4*w - 0*w + p, 15 =